 - 0) - (65 - (118 + -27))
24
What is the value of (-11 - (0 - 6)) + (-8 + 6 + 8 - -32)?
33
Calculate (0 - 1) + -2 + (1082 - 1076) - (87 - 10).
-74
What is the value of (-11 - 34) + -24 - (5 + (9 - 0))?
-83
13 - (1 - 2) - (-45 + 45 + -2)
16
Evaluate -257 + 63 - -82 - -48.
-64
Calculate -149 + 48 + (9 - -1) + (4 - 4).
-91
-45 + (1 + (2 - 2) - -10 - (-8015 - -8015))
-34
Evaluate -19 + -4 + 6 + -17 + (94 - 58).
2
Calculate (-6 - (7 - 2)) + 12 + (-5 - 10).
-14
What is the value of -75 - (43 + -122) - (0 + 5) - 6?
-7
What is the value of (-4 - 0) + (4 + -5 + -3 - -6) - -29?
27
Evaluate 41 + -70 + 0 + 36.
7
(-9 + -6 + 8 + 8 - 3) + 3
1
What is the value of -1 + -3 - (-1 + 9) - (-5 + 30 + -32)?
-5
Evaluate (42 - 34) + (-8 - (10 - -14)).
-24
What is the value of (0 - -7 - -7) + (-24 - (41 + -44))?
-7
Evaluate 17 - (-44 + 34 - -36).
-9
Calculate 38 + 1 + -29 + 24 + -15 + 21.
40
What is (-7 - (-13 + 16)) + 22 + 1 + (-81 - -79)?
11
What is the value of -6 + (-11 + 25 - 6 - 42) + -2?
-42
(54 + -24 - 47 - ((-5 - -3) + -7)) + 9
1
Evaluate -2 + (-6 - (2 - 16) - 86 - -11).
-69
Evaluate 0 + -3 + -58 - (28 + -52 - -8).
-45
Evaluate -36 + 2 + 48 - 18 - -17.
13
Evaluate (328 + -308 - (-2 - 2)) + 34.
58
What is 33 - 26 - -37 - -17?
61
What is (9 - 4) + (-17 - -74) + (-4 - -3) + -5?
56
What is the value of 66 + 96 - 203 - (-154 - -1)?
112
(-23 - -1) + 111 + -103 + 0 + 39
25
Calculate -1 + (1 - -11) + (19 - (-64 - (-59 - -30))).
65
Evaluate -30 + (24 - 7) + (-76 - -45).
-44
-138 + 172 + (-10 - 33)
-9
1 + 4 + -7 + 9 + -13
-6
Calculate -7 - (37 - (6 - (-36 + 20))).
-22
What is (10 + -9 - -11 - 13) + (-1 - (9 - -101))?
-112
What is the value of 18 + (0 + 9 - (70 + (23 - 83)))?
17
8 + (-3 - (-96 + 29 + -14))
86
-107 - (22 + -15 - 14) - (-16 - -7)
-91
What is -6 - (7 - 6) - (-21 + -14)?
28
Calculate -13 + (-7 - -84) + -1 + (-4 - -2) + -8.
53
Calculate -49 - 10 - (-14 - 16) - -61.
32
Evaluate -16 + 9 + -10 - -51.
34
-7 + (19 + -4 - 23) + -21
-36
Evaluate -163 - (67 + -124 + -61).
-45
Evaluate 6 - 1 - (-11 - 4 - (8 - 33)).
-5
Evaluate 1 + 5 - (39 - -15) - (-19 - -33).
-62
What is the value of (2 - 0 - -7) + 152 + 136 + -283?
14
Evaluate (-4 + 1 - ((-6 - -3) + -2)) + (179 - 209).
-28
Calculate 26 + -81 + (237 - 144).
38
15 - (-19 - -17) - (6 - (1 + -7 - 0))
5
What is 5 + -1 + 0 + 37 + -40 + 11 + 27?
39
Calculate (136 + 1 - (-25 + 2 + (9 - -27))) + -14.
110
Calculate 12 + (4 - 11) + 13 + -4 + 32 - -9.
55
Evaluate 105 - 96 - 50 - (1 + 14).
-56
(-74 - -106 - (1 - 21)) + (-2 - -7)
57
(-2 - -1) + (4 - -7 - (21 + -13 + -53))
55
-77 + 63 + -42 + 122
66
Evaluate 61 + (-10 - (-39 + 14 + 4)) + (1 - 18).
55
What is the value of 224 + -238 - (3 - (2 + 22))?
7
(7 + 31 - 29) + 6
15
Calculate -5 - 0 - -71 - (-3 - 0).
69
Calculate 99 + 52 + -99 + -36.
16
What is -2 + 22 + -28 + -16 + 2 + -2 - 1?
-25
Calculate -45 + (39 - -1 - (-1991 - -2036)).
-50
-1 + (-21 - (25 - 22 - 22))
-3
(3 - -24) + 31 + -51 + 7
14
Evaluate 2 + 9 + -1 - (-224 + 246).
-12
9 + (-143 - (-35 + -10))
-89
Evaluate -9 + (0 - -6 - (51 + -26)).
-28
What is the value of (54 - (1 - -5) - -5) + (-20 - -26 - -4)?
63
Calculate (-70 + 50 - -26) + -35.
-29
Calculate -481 + 495 - ((59 - 6) + (3 - (10 + -2))).
-34
What is 3 + 2 + -1 + -59 + 47 - -16?
8
Calculate (0 + -11 + 7 - (-103 + 56)) + -13 - 7.
23
6 + 2 + (53 + -21 - 35 - 132)
-127
6 - ((25 - 7 - 11) + -11)
10
-8 + 7 + -14 + -15 + 11 + 5
-14
What is the value of 38 + -68 + -40 - -21?
-49
-13 + ((9 - -14) + -4 - -58)
64
114 - (-87 + 253) - -62
10
Calculate 644 + -738 + (7 - (-8 + (2 + 6 - 6))).
-81
Calculate (1 + (-2 - 53) - (-61 + 70)) + (3 - -1).
-59
What is 0 - -17 - (7 + 6 + 10 - 32)?
26
What is -245 + 273 + (-3 - ((5 - 23) + 2))?
41
What is the value of 10 - (9 - 0) - (-1 - 5 - (-120 - -131))?
18
What is -13 - 0 - (-63 - (18 - 3)) - 0?
65
What is 0 - 69 - (14 + -49 + 33)?
-67
Evaluate (-7 - (-33 + 47)) + 10.
-11
What is the value of 12 + -10 + (-28 - -24) + (-3 - 41)?
-46
Calculate 169 + -167 + (8 - 0) + (28 - -6).
44
What is the value of (-36 + 1 - (-64 + -24 + 70)) + -13?
-30
Evaluate (43 - (28 + -64)) + -109.
-30
-29 - (1 - (-10 + 8 + -8 + 1))
-39
Evaluate (-10 - -30 - 156) + (5 + -9 + -1 - -7).
-134
15 + -3 + 0 + 2 + 2725 + -2764
-25
What is 1 - ((-14 - (4 - 5)) + 100) - (-4 - -7)?
-89
What is the value of 7 + -12 + 13 - ((7 - 2) + (15 - -12))?
-24
Calculate (21 + 23 - 99) + 49.
-6
-81 + 162 + -93 + 3 + (15 - 2)
4
What is the value of -27 + 6 + 64 + -75 + (14 - 1)?
-19
25 + -22 + (-5 - (-62 - (-9 + -9 + 18)))
60
What is the value of -21 + 38 + (-5 + 0 - (20 + (-6 - 11)))?
9
(75 - 75) + -53 - -128
75
Evaluate 5 - (-12 + 14 + 0 - 14 - -3).
14
Calculate -18 - (58 + 99 + -173 - (1 - 2 - 1)).
-4
Calculate 50 - 1 - (370 + -230 - 147).
56
What is the value of -3 - 65 - (15 + (30 - 26))?
-87
(-36 - -16) + (-24 - -8) + 19
-17
Evaluate 8 + -1 - (33 + -5 + -15 + 10).
-16
What is (-12 - (19 + 5 + -24)) + 17?
5
Calculate -171 - (-55 - 25 - 12).
-79
Calculate (-642 - -659) + (-4 + 26 - -7).
46
Evaluate -75 - (1 + -2 - (3 + -5)) - (-11 + 5).
-70
Calculate 22 + 5 + -10 + (3 - 5) + (-3 - 27).
-15
What is the value of -16 - -1 - -6 - (16 + 6 + -61 + 7)?
23
Evaluate -83 + (82 - (-15 - -103)).
-89
What is (-2 - 0) + (-18 - -4) - 44 - -6?
-54
What is the value of -7 + -2 + (13 - (34 + -10 + -8) - 40)?
-52
Evaluate (-43 - 5) + 7 - (13 + (15 - 13)).
-56
What is the value of 140 + -183 + (46 - 3)?
0
Evaluate 84 + -15 + 0 + (5 - (6 + 5)).
63
What is the value of (18 - 37) + 21 + 9 + -5 + 2 + -8?
0
Evaluate (-77 - -105) + (13 - 3).
38
What is 27 + -73 - -77 - 26?
5
(30 + -30 + 24 - 155) + 8
-123
0 + -59 + (19 + (45 - 14) - 35)
-44
What is 5 + (-63 - -65) + (0 - (5 + -3))?
5
What is the value of (125 - (-5 - 5)) + 20 + -6 + 0 + -3?
146
(10 - -27) + 48 + -51
34
What is the value of -145 + (158 - 16) + (2 - -36)?
35
Calculate 83 - 2 - (1836 - 1662).
-93
What is 19 + 3 + 3 - (3 + 4 - -3) - 8?
7
What is (8 - -1 - -8 - 25) + -52 - 7?
-67
Calculate 0 + -24 - (1 + -13 - (-38 + 47 - 11)).
-14
Calculate 4 - (185 - 40 - 114).
-27
What is the value of (48 - 0) + -25 + -13 + 54 + -11?
53
What is the value of 20 + (2 - (3 + -1)) + (-494 - -485) + -13?
-2
What is the value of (-48 - -55) + 37 + -31 + (-2 + 54 - -2)?
67
Evaluate 9 + 5 + -1 + 67 + -78 + 39.
41
-12 + 0 + 7 - (-1 + 9 + 10)
-23
1 - 14 - ((146 - 57) + -35)
-67
What is the value of 5 - 5 - -11 - (-33 - -95)?
-51
What is (18 - (-8 - -17)) + -3 - (4 - -32)?
-30
99 - (-65 - -64) - 38
62
What is the value of 27 + -1 + 37 + -51 + (-3 - 2)?
7
What is the value of 8594 - 8542 - (2 + 127)?
-77
-11 + 37 + -63 + 33 + -30
-34
-25 + -42 - (-8 - ((2 - (16 - 5)) + -2))
-70
What is the value of (-3 - -127) + (-26 - (-1 - -1)) + -1054 + 1070?
114
-1 - -45 - ((96 - 82) + -5 + 0 + -3)
38
Evaluate -10 + (-14 - (-45 - 52)).
73
Calculate 9 + 13 + (-72 - -37).
-13
What is the value of (-2 - -3 - 0) + -9 + (-28 - -114) + -10?
68
Evaluate -12 + 72 + -31 - 27.
2
Evaluate 35 - -1 - (12 - (-32 + 20)).
12
Evaluate -312 + 391 + 1 + -43.
37
What is -21 - ((109 - 36) + -44)?
-50
What is the value of -87 - (3 + (5 - (8 + 0)))?
-87
Evaluate 6 + 1 + 0 - 0 - (65 + 21 - 87).
8
Calculate -27 + (-8 - -3) - (-3 + (5 - (-5 - -9))).
-30
Calculate 7 - ((-5 - (-4 + -37)) + 9 + -2).
-36
What is (0 - -23) + (18 - 32 - 5 - (0 + -12))?
16
(6 - (-58 + 7)) + (2 + -14 - 0)
45
What is the value of 42 - (307 - 304 - (29 - 0))?
68
Calculate 7 - (-5 + 5 + 71 - 16).
-48
Calculate -103 + (-55 - -42 - (-15 - (2 + (-4 - -1)))).
-102
What is -251 - -240 - (6 + -42 + 3)?
22
(0 - 50) + (-517 - -552)
-15
Calculate -736 + 782 - (4 + -1).
43
Calculate (-1 + 4 - (-22 - -49)) + (-8 - 1).
-33
19 - (8 - -18) - (0 + -6)
-1
What is 100 + -1565 + 1576 + -6 + 1 + 8 + -7?
107
What is the value of 43 + -128 + 196 + 10?
121
Evaluate -1 + -43 + (-153 + 166 - (-1 + 8)).
-38
-32 - (-24 + 23) - -83
52
What is the value of (-44 - (44 + -53)) + 69?
34
What is -48 - (-17 - (-31 - -32))?
-30
What is -6 - (35 - (0 + 1) - ((-88 - -175) + -98))?
-51
Calculate 10 - (139 - (9 - -12 - 28)) - -19.
-117
What is (-1 - -1) + 83 + (33 - -15) + (-9 - 49)?
73
What is the value of 5 + 2 + (-69 - -57) + (-3 - -23)?
15
What is -61 - (-63 + (148 - 114))?
-32
Evaluate (1 + -4 - ((-33 - -9) + 8)) + (378 - 258).
133
(-68 - (-60 - -48)) + 45
-11
2 